{"id":693,"date":"2026-03-30T16:26:59","date_gmt":"2026-03-30T16:26:59","guid":{"rendered":"https:\/\/gyerekekert.hu\/?page_id=693"},"modified":"2026-03-30T16:54:51","modified_gmt":"2026-03-30T16:54:51","slug":"kozossegi-esemenyek","status":"publish","type":"page","link":"https:\/\/gyerekekert.hu\/index.php\/kozossegi-esemenyek\/","title":{"rendered":"K\u00f6z\u00f6ss\u00e9gi Esem\u00e9nyek"},"content":{"rendered":"\n<p class=\"has-black-color has-pale-cyan-blue-background-color has-text-color has-background has-link-color wp-elements-56db478610ac51694854d32bae2e5b5d\" id=\"Tetej\u00e9re\"><strong>K\u00f6zelg\u0151 esem\u00e9nyek<\/strong><\/p>\n\n\n\n<figure class=\"wp-block-gallery has-nested-images columns-default is-cropped wp-block-gallery-1 is-layout-flex wp-block-gallery-is-layout-flex\">\n<figure class=\"wp-block-image size-large\"><img loading=\"lazy\" decoding=\"async\" width=\"724\" height=\"1024\" data-id=\"697\" src=\"https:\/\/gyerekekert.hu\/wp-content\/uploads\/2026\/03\/TISZASZIGET-PLAKAT-VEGLEGES_PNG-724x1024.png\" alt=\"\" class=\"wp-image-697\" srcset=\"https:\/\/gyerekekert.hu\/wp-content\/uploads\/2026\/03\/TISZASZIGET-PLAKAT-VEGLEGES_PNG-724x1024.png 724w, https:\/\/gyerekekert.hu\/wp-content\/uploads\/2026\/03\/TISZASZIGET-PLAKAT-VEGLEGES_PNG-212x300.png 212w, https:\/\/gyerekekert.hu\/wp-content\/uploads\/2026\/03\/TISZASZIGET-PLAKAT-VEGLEGES_PNG-768x1086.png 768w, https:\/\/gyerekekert.hu\/wp-content\/uploads\/2026\/03\/TISZASZIGET-PLAKAT-VEGLEGES_PNG-1086x1536.png 1086w, https:\/\/gyerekekert.hu\/wp-content\/uploads\/2026\/03\/TISZASZIGET-PLAKAT-VEGLEGES_PNG.png 1414w\" sizes=\"auto, (max-width: 724px) 100vw, 724px\" \/><\/figure>\n<\/figure>\n\n\n\n<hr class=\"wp-block-separator has-alpha-channel-opacity\"\/>\n\n\n\n<div data-wp-context=\"{ &quot;autoclose&quot;: false, &quot;accordionItems&quot;: [] }\" data-wp-interactive=\"core\/accordion\" role=\"group\" class=\"wp-block-accordion is-layout-flow wp-block-accordion-is-layout-flow\">\n<div data-wp-class--is-open=\"state.isOpen\" data-wp-context=\"{ &quot;id&quot;: &quot;accordion-item-3&quot;, &quot;openByDefault&quot;: false }\" data-wp-init=\"callbacks.initAccordionItems\" data-wp-on-window--hashchange=\"callbacks.hashChange\" class=\"wp-block-accordion-item is-layout-flow wp-block-accordion-item-is-layout-flow\">\n<h3 class=\"wp-block-accordion-heading has-black-color has-pale-cyan-blue-background-color has-text-color has-background has-link-color wp-elements-d6260c3898d51a0c56946409b9be8938\"><button aria-expanded=\"false\" aria-controls=\"accordion-item-3-panel\" data-wp-bind--aria-expanded=\"state.isOpen\" data-wp-on--click=\"actions.toggle\" data-wp-on--keydown=\"actions.handleKeyDown\" id=\"accordion-item-3\" type=\"button\" class=\"wp-block-accordion-heading__toggle\"><span class=\"wp-block-accordion-heading__toggle-title\"><strong>Kor\u00e1bbi esem\u00e9nyek<\/strong><\/span><span class=\"wp-block-accordion-heading__toggle-icon\" aria-hidden=\"true\">+<\/span><\/button><\/h3>\n\n\n\n<div inert aria-labelledby=\"accordion-item-3\" data-wp-bind--inert=\"!state.isOpen\" id=\"accordion-item-3-panel\" role=\"region\" class=\"wp-block-accordion-panel is-layout-flow wp-block-accordion-panel-is-layout-flow\">\n<figure class=\"wp-block-gallery has-nested-images columns-default is-cropped wp-block-gallery-2 is-layout-flex wp-block-gallery-is-layout-flex\">\n<figure class=\"wp-block-image size-large\"><img loading=\"lazy\" decoding=\"async\" width=\"724\" height=\"1024\" data-id=\"703\" src=\"https:\/\/gyerekekert.hu\/wp-content\/uploads\/2026\/03\/Kubek-plakat_resize.jpg\" alt=\"\" class=\"wp-image-703\" srcset=\"https:\/\/gyerekekert.hu\/wp-content\/uploads\/2026\/03\/Kubek-plakat_resize.jpg 724w, https:\/\/gyerekekert.hu\/wp-content\/uploads\/2026\/03\/Kubek-plakat_resize-212x300.jpg 212w\" sizes=\"auto, (max-width: 724px) 100vw, 724px\" \/><\/figure>\n\n\n\n<figure class=\"wp-block-image size-large\"><img loading=\"lazy\" decoding=\"async\" width=\"761\" height=\"1024\" data-id=\"704\" src=\"https:\/\/gyerekekert.hu\/wp-content\/uploads\/2026\/03\/2020-TSZ-plakat-761x1024.jpg\" alt=\"\" class=\"wp-image-704\" srcset=\"https:\/\/gyerekekert.hu\/wp-content\/uploads\/2026\/03\/2020-TSZ-plakat-761x1024.jpg 761w, https:\/\/gyerekekert.hu\/wp-content\/uploads\/2026\/03\/2020-TSZ-plakat-223x300.jpg 223w, https:\/\/gyerekekert.hu\/wp-content\/uploads\/2026\/03\/2020-TSZ-plakat-768x1033.jpg 768w, https:\/\/gyerekekert.hu\/wp-content\/uploads\/2026\/03\/2020-TSZ-plakat-1142x1536.jpg 1142w, https:\/\/gyerekekert.hu\/wp-content\/uploads\/2026\/03\/2020-TSZ-plakat.jpg 1366w\" sizes=\"auto, (max-width: 706px) 89vw, (max-width: 767px) 82vw, 740px\" \/><\/figure>\n<\/figure>\n<\/div>\n<\/div>\n<\/div>\n","protected":false},"excerpt":{"rendered":"<p>K\u00f6zelg\u0151 esem\u00e9nyek<\/p>\n","protected":false},"author":2,"featured_media":0,"parent":0,"menu_order":0,"comment_status":"closed","ping_status":"closed","template":"","meta":{"footnotes":""},"class_list":["post-693","page","type-page","status-publish","hentry"],"yoast_head":"<!-- This site is optimized with the Yoast SEO plugin v27.4 - https:\/\/yoast.com\/product\/yoast-seo-wordpress\/ -->\n<title>K\u00f6z\u00f6ss\u00e9gi Esem\u00e9nyek - K\u00e9t ker\u00e9ken a gyerekek\u00e9rt<\/title>\n<meta name=\"robots\" content=\"index, follow, max-snippet:-1, max-image-preview:large, max-video-preview:-1\" \/>\n<link rel=\"canonical\" href=\"https:\/\/gyerekekert.hu\/index.php\/kozossegi-esemenyek\/\" \/>\n<meta property=\"og:locale\" content=\"hu_HU\" \/>\n<meta property=\"og:type\" content=\"article\" \/>\n<meta property=\"og:title\" content=\"K\u00f6z\u00f6ss\u00e9gi Esem\u00e9nyek - K\u00e9t ker\u00e9ken a gyerekek\u00e9rt\" \/>\n<meta property=\"og:description\" content=\"K\u00f6zelg\u0151 esem\u00e9nyek\" \/>\n<meta property=\"og:url\" content=\"https:\/\/gyerekekert.hu\/index.php\/kozossegi-esemenyek\/\" \/>\n<meta property=\"og:site_name\" content=\"K\u00e9t ker\u00e9ken a gyerekek\u00e9rt\" \/>\n<meta property=\"article:publisher\" content=\"https:\/\/www.facebook.com\/groups\/383507342828860\" \/>\n<meta property=\"article:modified_time\" content=\"2026-03-30T16:54:51+00:00\" \/>\n<meta property=\"og:image\" content=\"https:\/\/gyerekekert.hu\/wp-content\/uploads\/2026\/03\/TISZASZIGET-PLAKAT-VEGLEGES_PNG.png\" \/>\n\t<meta property=\"og:image:width\" content=\"1414\" \/>\n\t<meta property=\"og:image:height\" content=\"2000\" \/>\n\t<meta property=\"og:image:type\" content=\"image\/png\" \/>\n<meta name=\"twitter:card\" content=\"summary_large_image\" \/>\n<meta name=\"twitter:label1\" content=\"Becs\u00fclt olvas\u00e1si id\u0151\" \/>\n\t<meta name=\"twitter:data1\" content=\"1 perc\" \/>\n<script type=\"application\/ld+json\" class=\"yoast-schema-graph\">{\"@context\":\"https:\\\/\\\/schema.org\",\"@graph\":[{\"@type\":\"WebPage\",\"@id\":\"https:\\\/\\\/gyerekekert.hu\\\/index.php\\\/kozossegi-esemenyek\\\/\",\"url\":\"https:\\\/\\\/gyerekekert.hu\\\/index.php\\\/kozossegi-esemenyek\\\/\",\"name\":\"K\u00f6z\u00f6ss\u00e9gi Esem\u00e9nyek - K\u00e9t ker\u00e9ken a gyerekek\u00e9rt\",\"isPartOf\":{\"@id\":\"https:\\\/\\\/gyerekekert.hu\\\/#website\"},\"primaryImageOfPage\":{\"@id\":\"https:\\\/\\\/gyerekekert.hu\\\/index.php\\\/kozossegi-esemenyek\\\/#primaryimage\"},\"image\":{\"@id\":\"https:\\\/\\\/gyerekekert.hu\\\/index.php\\\/kozossegi-esemenyek\\\/#primaryimage\"},\"thumbnailUrl\":\"https:\\\/\\\/gyerekekert.hu\\\/wp-content\\\/uploads\\\/2026\\\/03\\\/TISZASZIGET-PLAKAT-VEGLEGES_PNG-724x1024.png\",\"datePublished\":\"2026-03-30T16:26:59+00:00\",\"dateModified\":\"2026-03-30T16:54:51+00:00\",\"breadcrumb\":{\"@id\":\"https:\\\/\\\/gyerekekert.hu\\\/index.php\\\/kozossegi-esemenyek\\\/#breadcrumb\"},\"inLanguage\":\"hu\",\"potentialAction\":[{\"@type\":\"ReadAction\",\"target\":[\"https:\\\/\\\/gyerekekert.hu\\\/index.php\\\/kozossegi-esemenyek\\\/\"]}]},{\"@type\":\"ImageObject\",\"inLanguage\":\"hu\",\"@id\":\"https:\\\/\\\/gyerekekert.hu\\\/index.php\\\/kozossegi-esemenyek\\\/#primaryimage\",\"url\":\"https:\\\/\\\/gyerekekert.hu\\\/wp-content\\\/uploads\\\/2026\\\/03\\\/TISZASZIGET-PLAKAT-VEGLEGES_PNG.png\",\"contentUrl\":\"https:\\\/\\\/gyerekekert.hu\\\/wp-content\\\/uploads\\\/2026\\\/03\\\/TISZASZIGET-PLAKAT-VEGLEGES_PNG.png\",\"width\":1414,\"height\":2000},{\"@type\":\"BreadcrumbList\",\"@id\":\"https:\\\/\\\/gyerekekert.hu\\\/index.php\\\/kozossegi-esemenyek\\\/#breadcrumb\",\"itemListElement\":[{\"@type\":\"ListItem\",\"position\":1,\"name\":\"Kezd\u0151lap\",\"item\":\"https:\\\/\\\/gyerekekert.hu\\\/\"},{\"@type\":\"ListItem\",\"position\":2,\"name\":\"K\u00f6z\u00f6ss\u00e9gi Esem\u00e9nyek\"}]},{\"@type\":\"WebSite\",\"@id\":\"https:\\\/\\\/gyerekekert.hu\\\/#website\",\"url\":\"https:\\\/\\\/gyerekekert.hu\\\/\",\"name\":\"K\u00e9t ker\u00e9ken a gyerekek\u00e9rt\",\"description\":\"\",\"publisher\":{\"@id\":\"https:\\\/\\\/gyerekekert.hu\\\/#organization\"},\"potentialAction\":[{\"@type\":\"SearchAction\",\"target\":{\"@type\":\"EntryPoint\",\"urlTemplate\":\"https:\\\/\\\/gyerekekert.hu\\\/?s={search_term_string}\"},\"query-input\":{\"@type\":\"PropertyValueSpecification\",\"valueRequired\":true,\"valueName\":\"search_term_string\"}}],\"inLanguage\":\"hu\"},{\"@type\":\"Organization\",\"@id\":\"https:\\\/\\\/gyerekekert.hu\\\/#organization\",\"name\":\"K\u00e9t ker\u00e9ken a gyerekek\u00e9rt\",\"url\":\"https:\\\/\\\/gyerekekert.hu\\\/\",\"logo\":{\"@type\":\"ImageObject\",\"inLanguage\":\"hu\",\"@id\":\"https:\\\/\\\/gyerekekert.hu\\\/#\\\/schema\\\/logo\\\/image\\\/\",\"url\":\"https:\\\/\\\/gyerekekert.hu\\\/wp-content\\\/uploads\\\/2026\\\/02\\\/cropped-kagy_logo_900px.png\",\"contentUrl\":\"https:\\\/\\\/gyerekekert.hu\\\/wp-content\\\/uploads\\\/2026\\\/02\\\/cropped-kagy_logo_900px.png\",\"width\":250,\"height\":250,\"caption\":\"K\u00e9t ker\u00e9ken a gyerekek\u00e9rt\"},\"image\":{\"@id\":\"https:\\\/\\\/gyerekekert.hu\\\/#\\\/schema\\\/logo\\\/image\\\/\"},\"sameAs\":[\"https:\\\/\\\/www.facebook.com\\\/groups\\\/383507342828860\"]}]}<\/script>\n<!-- \/ Yoast SEO plugin. -->","yoast_head_json":{"title":"K\u00f6z\u00f6ss\u00e9gi Esem\u00e9nyek - K\u00e9t ker\u00e9ken a gyerekek\u00e9rt","robots":{"index":"index","follow":"follow","max-snippet":"max-snippet:-1","max-image-preview":"max-image-preview:large","max-video-preview":"max-video-preview:-1"},"canonical":"https:\/\/gyerekekert.hu\/index.php\/kozossegi-esemenyek\/","og_locale":"hu_HU","og_type":"article","og_title":"K\u00f6z\u00f6ss\u00e9gi Esem\u00e9nyek - K\u00e9t ker\u00e9ken a gyerekek\u00e9rt","og_description":"K\u00f6zelg\u0151 esem\u00e9nyek","og_url":"https:\/\/gyerekekert.hu\/index.php\/kozossegi-esemenyek\/","og_site_name":"K\u00e9t ker\u00e9ken a gyerekek\u00e9rt","article_publisher":"https:\/\/www.facebook.com\/groups\/383507342828860","article_modified_time":"2026-03-30T16:54:51+00:00","og_image":[{"width":1414,"height":2000,"url":"https:\/\/gyerekekert.hu\/wp-content\/uploads\/2026\/03\/TISZASZIGET-PLAKAT-VEGLEGES_PNG.png","type":"image\/png"}],"twitter_card":"summary_large_image","twitter_misc":{"Becs\u00fclt olvas\u00e1si id\u0151":"1 perc"},"schema":{"@context":"https:\/\/schema.org","@graph":[{"@type":"WebPage","@id":"https:\/\/gyerekekert.hu\/index.php\/kozossegi-esemenyek\/","url":"https:\/\/gyerekekert.hu\/index.php\/kozossegi-esemenyek\/","name":"K\u00f6z\u00f6ss\u00e9gi Esem\u00e9nyek - K\u00e9t ker\u00e9ken a gyerekek\u00e9rt","isPartOf":{"@id":"https:\/\/gyerekekert.hu\/#website"},"primaryImageOfPage":{"@id":"https:\/\/gyerekekert.hu\/index.php\/kozossegi-esemenyek\/#primaryimage"},"image":{"@id":"https:\/\/gyerekekert.hu\/index.php\/kozossegi-esemenyek\/#primaryimage"},"thumbnailUrl":"https:\/\/gyerekekert.hu\/wp-content\/uploads\/2026\/03\/TISZASZIGET-PLAKAT-VEGLEGES_PNG-724x1024.png","datePublished":"2026-03-30T16:26:59+00:00","dateModified":"2026-03-30T16:54:51+00:00","breadcrumb":{"@id":"https:\/\/gyerekekert.hu\/index.php\/kozossegi-esemenyek\/#breadcrumb"},"inLanguage":"hu","potentialAction":[{"@type":"ReadAction","target":["https:\/\/gyerekekert.hu\/index.php\/kozossegi-esemenyek\/"]}]},{"@type":"ImageObject","inLanguage":"hu","@id":"https:\/\/gyerekekert.hu\/index.php\/kozossegi-esemenyek\/#primaryimage","url":"https:\/\/gyerekekert.hu\/wp-content\/uploads\/2026\/03\/TISZASZIGET-PLAKAT-VEGLEGES_PNG.png","contentUrl":"https:\/\/gyerekekert.hu\/wp-content\/uploads\/2026\/03\/TISZASZIGET-PLAKAT-VEGLEGES_PNG.png","width":1414,"height":2000},{"@type":"BreadcrumbList","@id":"https:\/\/gyerekekert.hu\/index.php\/kozossegi-esemenyek\/#breadcrumb","itemListElement":[{"@type":"ListItem","position":1,"name":"Kezd\u0151lap","item":"https:\/\/gyerekekert.hu\/"},{"@type":"ListItem","position":2,"name":"K\u00f6z\u00f6ss\u00e9gi Esem\u00e9nyek"}]},{"@type":"WebSite","@id":"https:\/\/gyerekekert.hu\/#website","url":"https:\/\/gyerekekert.hu\/","name":"K\u00e9t ker\u00e9ken a gyerekek\u00e9rt","description":"","publisher":{"@id":"https:\/\/gyerekekert.hu\/#organization"},"potentialAction":[{"@type":"SearchAction","target":{"@type":"EntryPoint","urlTemplate":"https:\/\/gyerekekert.hu\/?s={search_term_string}"},"query-input":{"@type":"PropertyValueSpecification","valueRequired":true,"valueName":"search_term_string"}}],"inLanguage":"hu"},{"@type":"Organization","@id":"https:\/\/gyerekekert.hu\/#organization","name":"K\u00e9t ker\u00e9ken a gyerekek\u00e9rt","url":"https:\/\/gyerekekert.hu\/","logo":{"@type":"ImageObject","inLanguage":"hu","@id":"https:\/\/gyerekekert.hu\/#\/schema\/logo\/image\/","url":"https:\/\/gyerekekert.hu\/wp-content\/uploads\/2026\/02\/cropped-kagy_logo_900px.png","contentUrl":"https:\/\/gyerekekert.hu\/wp-content\/uploads\/2026\/02\/cropped-kagy_logo_900px.png","width":250,"height":250,"caption":"K\u00e9t ker\u00e9ken a gyerekek\u00e9rt"},"image":{"@id":"https:\/\/gyerekekert.hu\/#\/schema\/logo\/image\/"},"sameAs":["https:\/\/www.facebook.com\/groups\/383507342828860"]}]}},"_links":{"self":[{"href":"https:\/\/gyerekekert.hu\/index.php\/wp-json\/wp\/v2\/pages\/693","targetHints":{"allow":["GET"]}}],"collection":[{"href":"https:\/\/gyerekekert.hu\/index.php\/wp-json\/wp\/v2\/pages"}],"about":[{"href":"https:\/\/gyerekekert.hu\/index.php\/wp-json\/wp\/v2\/types\/page"}],"author":[{"embeddable":true,"href":"https:\/\/gyerekekert.hu\/index.php\/wp-json\/wp\/v2\/users\/2"}],"replies":[{"embeddable":true,"href":"https:\/\/gyerekekert.hu\/index.php\/wp-json\/wp\/v2\/comments?post=693"}],"version-history":[{"count":9,"href":"https:\/\/gyerekekert.hu\/index.php\/wp-json\/wp\/v2\/pages\/693\/revisions"}],"predecessor-version":[{"id":733,"href":"https:\/\/gyerekekert.hu\/index.php\/wp-json\/wp\/v2\/pages\/693\/revisions\/733"}],"wp:attachment":[{"href":"https:\/\/gyerekekert.hu\/index.php\/wp-json\/wp\/v2\/media?parent=693"}],"curies":[{"name":"wp","href":"https:\/\/api.w.org\/{rel}","templated":true}]}}