{"id":6,"date":"2026-02-17T15:27:54","date_gmt":"2026-02-17T15:27:54","guid":{"rendered":"https:\/\/gyerekekert.hu\/?page_id=6"},"modified":"2026-03-30T16:49:21","modified_gmt":"2026-03-30T16:49:21","slug":"ket-kereken-a-gyerekekert","status":"publish","type":"page","link":"https:\/\/gyerekekert.hu\/","title":{"rendered":"Bemutatkoz\u00e1s"},"content":{"rendered":"\n\n\n\n<h1 class=\"wp-block-heading\" id=\"Tetej\u00e9re\"><strong>Bemutatkoz\u00e1s<\/strong><\/h1>\n\n\n\n<hr class=\"wp-block-separator has-alpha-channel-opacity\"\/>\n\n\n\n<div class=\"wp-block-group hero-intro\"><div class=\"wp-block-group__inner-container is-layout-constrained wp-block-group-is-layout-constrained\">\n<p class=\"has-text-align-left has-small-font-size\">A \u201eK\u00e9t ker\u00e9ken a gyerekek\u00e9rt\u201d t\u00f6rt\u00e9nete Medvecz G\u00e1bor nev\u00e9hez k\u00f6t\u0151dik. A kezdetekben G\u00e1bor \u00e9s feles\u00e9ge v\u00e1gtak bele ebbe a k\u00fcl\u00f6nleges k\u00fcldet\u00e9sbe: hogy hogyan lehetne a motoroz\u00e1s \u00e9lm\u00e9ny\u00e9t eljuttatni gyerekekhez is. Hamarosan sorra csatlakoztak bar\u00e1tok, ismer\u0151s\u00f6k, motoros t\u00e1rsak. \u00c9vr\u0151l \u00e9vre egyre t\u00f6bben \u00e9rezt\u00e9k \u00fagy, hogy ez nem \u201ecsak\u201d motoroz\u00e1s, hanem val\u00f3di sz\u00edv\u00fcgy. \u00cdgy alakult ki az a k\u00f6z\u00f6ss\u00e9g, amely ma m\u00e1r egy \u00f6sszetart\u00f3, akt\u00edv csapatk\u00e9nt m\u0171k\u00f6dik, \u00e9s 2025-ben hivatalosan is szakoszt\u00e1lly\u00e1 alakult.<\/p>\n\n\n\n<p class=\"has-text-align-left has-small-font-size\">B\u00fcszkes\u00e9g\u00fcnkre szolg\u00e1l, hogy m\u00e1ra m\u00e1r \u201ecivil\u201d mag\u00e1nemberek, v\u00e1llalkoz\u00f3k \u00e9s c\u00e9gek is l\u00e1tva utunkat, t\u00e1mogatj\u00e1k a munk\u00e1nkat.<\/p>\n\n\n\n<p class=\"has-text-align-left has-small-font-size\">Sz\u00edv\u00fcgy\u00fcnk, hogy \u00f6r\u00f6met vigy\u00fcnk olyan gyerekeknek, akiknek egy kis motorhang, egy r\u00f6vid gurul\u00e1s vagy ak\u00e1r csak egy tal\u00e1lkoz\u00e1s is hatalmas \u00e9lm\u00e9nyt jelent. Szeretn\u00e9nk eljutni azokhoz, akik v\u00e1gynak erre az \u00e9lm\u00e9nyre, \u00e9s ha lehet\u0151s\u00e9g van r\u00e1, megmutatni nekik, milyen \u00e9rz\u00e9s egy kicsit motorozni \u2013 term\u00e9szetesen biztons\u00e1gos, szeretetteljes k\u00f6rnyezetben<\/p>\n\n\n\n<p class=\"has-text-align-left has-small-font-size\">Nem csak a legkisebbeknek szeretn\u00e9nk mosolyt csalni az arc\u00e1ra. C\u00e9lunk az is, hogy a fiataloknak, akik most ismerkednek a motoroz\u00e1ssal, utat mutassunk a biztons\u00e1gos, felel\u0151ss\u00e9gteljes k\u00f6zleked\u00e9s fel\u00e9, \u00e9s \u00e1tadjuk nekik azt a szeml\u00e9letet, amit mi is fontosnak tartunk.<\/p>\n\n\n\n<p class=\"has-text-align-left has-small-font-size\">Csapatunk tagjai mind k\u00e9pzett motorosok, akik tud\u00e1sukat \u00e9vr\u0151l \u00e9vre folyamatosan fejlesztik. Az \u00fajonnan csatlakoz\u00f3 tagokat is t\u00e1mogatjuk \u00e9s seg\u00edtj\u00fck, hogy a sz\u00fcks\u00e9ges motoros k\u00e9pz\u00e9seken r\u00e9szt vehessenek, \u00e9s magabiztos, felk\u00e9sz\u00fclt r\u00e9szesei legyenek a k\u00f6z\u00f6ss\u00e9g\u00fcnknek.<\/p>\n\n\n\n<p class=\"has-text-align-left has-small-font-size\">Sokan k\u00f6z\u00fcl\u00fcnk m\u00e1r t\u00f6bb \u00e9vtizede a motoroz\u00e1s szerelmesei vagyunk. Mindannyian ismerj\u00fck azt az \u00e9rz\u00e9st, amit semmi sem tud p\u00f3tolni: a szabads\u00e1got, az utat, a t\u00e1jat, az illatokat.<\/p>\n\n\n\n<p class=\"has-text-align-left has-small-font-size\">K\u00f6z\u00f6ss\u00e9g\u00fcnk szabadidej\u00e9ben t\u00f6rekszik az egy\u00fctt gurul\u00e1sra, vagy \u00e9ppen motormentes, k\u00f6z\u00f6s \u00e9lm\u00e9nyek \u00e1t\u00e9l\u00e9s\u00e9re \u2013 sokszor a csal\u00e1djainkkal egy\u00fctt. Sz\u00e1munkra a motoroz\u00e1s nemcsak hobbi, hanem k\u00f6z\u00f6ss\u00e9gi \u00e9lm\u00e9ny \u00e9s \u00f6sszetartoz\u00e1s is.<\/p>\n\n\n\n<p class=\"has-text-align-left has-small-font-size\">Ha t\u00e1mogatj\u00e1tok ezt az \u00fcgyet, egy\u00fctt csod\u00e1kat tehet\u00fcnk. Mert a b\u0151rruh\u00e1nk alatt meleg sz\u00edv dobog.<br><\/p>\n<\/div><\/div>\n\n\n\n<hr class=\"wp-block-separator has-alpha-channel-opacity\"\/>\n\n\n\n<div class=\"wp-block-media-text has-media-on-the-right is-stacked-on-mobile is-vertically-aligned-top\" style=\"grid-template-columns:auto 15%\"><div class=\"wp-block-media-text__content\">\n<p class=\"has-medium-font-size\"><strong>Medvecz G\u00e1bor<\/strong> &#8211; Szakoszt\u00e1ly vezet\u0151<\/p>\n\n\n\n<p class=\"has-small-font-size\">T\u00f6bb mint harminc \u00e9ve fert\u0151z\u00f6tt meg a motoroz\u00e1s \u00e9let\u00e9rz\u00e9se, \u00e9s az\u00f3ta is ugyanazt a szabads\u00e1got jelenti sz\u00e1momra, amit semmi m\u00e1s nem tud p\u00f3tolni. A t\u00e1j, az illatok, az \u00fat \u2013 ezek adj\u00e1k az igazi \u00e9lm\u00e9nyt. Mi, motorosok tudjuk: nem a c\u00e9l a fontos, hanem az odavezet\u0151 \u00fat.<\/p>\n\n\n\n<p class=\"has-small-font-size\">Az \u00e9let sok mindent adott nekem, \u00e9s elj\u00f6tt az id\u0151, hogy ebb\u0151l vissza is adjak. B\u00fcszke vagyok arra, hogy az utam sor\u00e1n olyan hasonl\u00f3an gondolkod\u00f3 emberekkel, bar\u00e1tokkal tal\u00e1lkozhattam, akikkel nemcsak az \u00e9lm\u00e9nyeket, hanem az \u00e9rt\u00e9keket is megoszthatom. Egy\u00fctt haladunk tov\u00e1bb ugyanazon az \u00faton, ugyanazzal a szenved\u00e9llyel, ugyanazzal a szabads\u00e1gv\u00e1ggyal \u2013 mert a motoroz\u00e1s t\u00f6bb, mint hobbi: \u00e9letforma.<br><\/p>\n<\/div><figure class=\"wp-block-media-text__media\"><img loading=\"lazy\" decoding=\"async\" width=\"290\" height=\"289\" src=\"https:\/\/gyerekekert.hu\/wp-content\/uploads\/2026\/02\/Medvecz-Gabor.png\" alt=\"\" class=\"wp-image-47 size-full\" srcset=\"https:\/\/gyerekekert.hu\/wp-content\/uploads\/2026\/02\/Medvecz-Gabor.png 290w, https:\/\/gyerekekert.hu\/wp-content\/uploads\/2026\/02\/Medvecz-Gabor-150x150.png 150w, https:\/\/gyerekekert.hu\/wp-content\/uploads\/2026\/02\/Medvecz-Gabor-100x100.png 100w\" sizes=\"auto, (max-width: 290px) 100vw, 290px\" \/><\/figure><\/div>\n\n\n\n<hr class=\"wp-block-separator has-alpha-channel-opacity\"\/>\n\n\n\n<div class=\"wp-block-media-text has-media-on-the-right is-stacked-on-mobile is-vertically-aligned-top\" style=\"grid-template-columns:auto 15%\"><div class=\"wp-block-media-text__content\">\n<p class=\"has-medium-font-size\"><strong>Miskolczi Gyula<\/strong> &#8211; Szakoszt\u00e1ly vezet\u0151 helyettes<\/p>\n\n\n\n<p class=\"has-small-font-size\">Diplom\u00e1s g\u00e9p\u00e9szm\u00e9rn\u00f6k. A motoroz\u00e1s ir\u00e1nti szenved\u00e9lyem gyermekkoromban kezd\u0151d\u00f6tt, k\u00e9t \u00e9vesen \u00fcltem el\u0151sz\u00f6r motoron \u00e9desap\u00e1mmal. A jogos\u00edtv\u00e1nyokat fokozatosan szereztem meg, a tanul\u00f3\u00e9veket t\u00f6bbek k\u00f6z\u00f6tt Babett\u00e1n, Simsonon \u00e9s ETZ 125-\u00f6n j\u00e1rtam v\u00e9gig.<\/p>\n\n\n\n<p class=\"has-small-font-size\">Egy fi\u00fagyermek \u00e9desapjak\u00e9nt fontos sz\u00e1momra, hogy a motoroz\u00e1s szeretete \u00e9s tisztelete tov\u00e1bb \u00e9ljen. Jelenleg k\u00e9t Yamaha motorom van: egy MT-01 \u2013 a nagy szerelem \u2013, valamint egy XT 660X.<\/p>\n\n\n\n<p class=\"has-small-font-size\">Akt\u00edvan seg\u00edtem a <strong>K\u00e9t ker\u00e9ken a gyerekek\u00e9rt<\/strong> k\u00f6z\u00f6ss\u00e9g munk\u00e1j\u00e1t, ahol bar\u00e1ti l\u00e9gk\u00f6rben kir\u00e1ndulunk, fejl\u0151d\u00fcnk \u00e9s k\u00f6z\u00f6ss\u00e9get \u00e9p\u00edt\u00fcnk. C\u00e9lom, hogy min\u00e9l t\u00f6bb \u00f6r\u00f6met \u00e9s seg\u00edts\u00e9get adhassunk a gyerekeknek \u00e9s csal\u00e1djaiknak. B\u00fcszke vagyok, hogy ehhez a csapathoz tartozhatok.<\/p>\n<\/div><figure class=\"wp-block-media-text__media\"><img loading=\"lazy\" decoding=\"async\" width=\"900\" height=\"900\" src=\"https:\/\/gyerekekert.hu\/wp-content\/uploads\/2026\/02\/IMG_20250510_120353_900.png\" alt=\"\" class=\"wp-image-56 size-full\" srcset=\"https:\/\/gyerekekert.hu\/wp-content\/uploads\/2026\/02\/IMG_20250510_120353_900.png 900w, https:\/\/gyerekekert.hu\/wp-content\/uploads\/2026\/02\/IMG_20250510_120353_900-300x300.png 300w, https:\/\/gyerekekert.hu\/wp-content\/uploads\/2026\/02\/IMG_20250510_120353_900-150x150.png 150w, https:\/\/gyerekekert.hu\/wp-content\/uploads\/2026\/02\/IMG_20250510_120353_900-768x768.png 768w, https:\/\/gyerekekert.hu\/wp-content\/uploads\/2026\/02\/IMG_20250510_120353_900-100x100.png 100w\" sizes=\"auto, (max-width: 767px) 89vw, (max-width: 1000px) 54vw, (max-width: 1071px) 543px, 580px\" \/><\/figure><\/div>\n\n\n\n<hr class=\"wp-block-separator has-alpha-channel-opacity\"\/>\n\n\n\n<div class=\"wp-block-media-text has-media-on-the-right is-stacked-on-mobile is-vertically-aligned-top\" style=\"grid-template-columns:auto 15%\"><div class=\"wp-block-media-text__content\">\n<p class=\"has-medium-font-size\"><strong>Masa Attila<\/strong> &#8211; Szakoszt\u00e1ly vezet\u0151 helyettes<\/p>\n\n\n\n<p class=\"has-small-font-size\">K\u00e9t l\u00e1ny \u00e9desapja.<br>Mindig is \u00e9rdekelt minden, ami m\u0171szaki, m\u0171k\u00f6dik, sz\u00e9tszedhet\u0151 \u00e9s \u00fajra \u00f6sszerakhat\u00f3. Ha valamire nem tudom a v\u00e1laszt, addig foglalkozom vele, am\u00edg meg nem \u00e9rtem \u2013 ez a szeml\u00e9let a motoroz\u00e1sban is v\u00e9gigk\u00eds\u00e9rt.<\/p>\n\n\n\n<p class=\"has-small-font-size\">A motoroz\u00e1s ir\u00e1nti szenved\u00e9lyem egy Babetta mellett kezd\u0151d\u00f6tt, amelyet gyerekk\u00e9nt el\u0151sz\u00f6r sz\u00f3 szerint biciklik\u00e9nt haszn\u00e1ltam. Amikor \u00e9desap\u00e1m el\u0151sz\u00f6r beind\u00edtotta, az \u00e9lm\u00e9ny azonnal eld\u00f6nt\u00f6tte a sorsomat. K\u00e9s\u0151bb a Simsonon, majd k\u00fcl\u00f6nb\u00f6z\u0151 t\u00faramotorokon kereszt\u00fcl jutottam el a jelenlegi motoromig, egy Triumph Explorerig.<\/p>\n\n\n\n<p class=\"has-small-font-size\">Sz\u00e1momra a motoroz\u00e1s nem a sebess\u00e9gr\u0151l sz\u00f3l, hanem a tudatos motorkezel\u00e9sr\u0151l, az \u00f6nk\u00e9pz\u00e9sr\u0151l \u00e9s a folyamatos fejl\u0151d\u00e9sr\u0151l. A t\u00far\u00e1z\u00e1s \u2013 itthon \u00e9s k\u00fclf\u00f6ld\u00f6n \u2013 rengeteget adott, emberileg \u00e9s motorosk\u00e9nt is.<\/p>\n\n\n\n<p class=\"has-small-font-size\">A <strong>K\u00e9t ker\u00e9ken a gyerekek\u00e9rt<\/strong> k\u00f6z\u00f6ss\u00e9gben ezt az \u00e9lm\u00e9nyt szeretn\u00e9m tov\u00e1bbadni: mosolyt csalni az arcokra, \u00e9lm\u00e9nyt ny\u00fajtani, \u00e9s megmutatni a gyerekeknek, hogy a motoroz\u00e1s egy k\u00fcl\u00f6nleges, \u00e9rt\u00e9keket hordoz\u00f3 \u00e9let\u00e9rz\u00e9s.<br><\/p>\n<\/div><figure class=\"wp-block-media-text__media\"><img loading=\"lazy\" decoding=\"async\" width=\"276\" height=\"276\" src=\"https:\/\/gyerekekert.hu\/wp-content\/uploads\/2026\/02\/Masa-Attila.png\" alt=\"\" class=\"wp-image-46 size-full\" srcset=\"https:\/\/gyerekekert.hu\/wp-content\/uploads\/2026\/02\/Masa-Attila.png 276w, https:\/\/gyerekekert.hu\/wp-content\/uploads\/2026\/02\/Masa-Attila-150x150.png 150w, https:\/\/gyerekekert.hu\/wp-content\/uploads\/2026\/02\/Masa-Attila-100x100.png 100w\" sizes=\"auto, (max-width: 276px) 100vw, 276px\" \/><\/figure><\/div>\n\n\n\n<hr class=\"wp-block-separator has-alpha-channel-opacity\"\/>\n\n\n\n<div class=\"wp-block-media-text has-media-on-the-right is-stacked-on-mobile is-vertically-aligned-top\" style=\"grid-template-columns:auto 15%\"><div class=\"wp-block-media-text__content\">\n<p class=\"has-medium-font-size\"><strong>Hajagos R\u00f3bert<\/strong>  &#8211; Szakoszt\u00e1ly vezet\u0151 helyettes<\/p>\n\n\n\n<p class=\"has-small-font-size\">Egy fi\u00fagyermek b\u00fcszke \u00e9desapja \u00e9s szenved\u00e9lyes motoros<strong>.<\/strong><br>A motoroz\u00e1s gyerekkorom \u00f3ta az \u00e9letem r\u00e9sze, v\u00e9gigj\u00e1rtam a klasszikus motoros rangl\u00e9tr\u00e1t, jelenleg m\u00e1sodik Suzuki V-Stromommal t\u00far\u00e1zom. Sz\u00e1momra a k\u00e9t ker\u00e9k szabads\u00e1got, nyugalmat \u00e9s k\u00f6z\u00f6ss\u00e9gi \u00e9lm\u00e9nyt jelent.<\/p>\n\n\n\n<p class=\"has-small-font-size\">A <strong>K\u00e9t ker\u00e9ken a gyerekek\u00e9rt<\/strong> motoros szakoszt\u00e1ly munk\u00e1j\u00e1t seg\u00edtem, ahol c\u00e9lunk, hogy a motoroz\u00e1s \u00e9lm\u00e9ny\u00e9t \u00e9s az \u00f6sszefog\u00e1s erej\u00e9t min\u00e9l t\u00f6bb gyermekhez \u00e9s r\u00e1szorul\u00f3 csal\u00e1dhoz eljuttassuk. Hiszek abban, hogy a motoros k\u00f6z\u00f6ss\u00e9g val\u00f3di \u00e9rt\u00e9ket tud teremteni, \u00e9s b\u00fcszke vagyok, hogy ez\u00e9rt a j\u00f6v\u0151 gener\u00e1ci\u00f3j\u00e1\u00e9rt dolgozhatok.<\/p>\n<\/div><figure class=\"wp-block-media-text__media\"><img loading=\"lazy\" decoding=\"async\" width=\"150\" height=\"150\" src=\"https:\/\/gyerekekert.hu\/wp-content\/uploads\/2026\/02\/hajagos-robert-150x150.png\" alt=\"\" class=\"wp-image-45 size-thumbnail\" srcset=\"https:\/\/gyerekekert.hu\/wp-content\/uploads\/2026\/02\/hajagos-robert-150x150.png 150w, https:\/\/gyerekekert.hu\/wp-content\/uploads\/2026\/02\/hajagos-robert-100x100.png 100w, https:\/\/gyerekekert.hu\/wp-content\/uploads\/2026\/02\/hajagos-robert.png 290w\" sizes=\"auto, (max-width: 150px) 100vw, 150px\" \/><\/figure><\/div>\n\n\n\n<hr class=\"wp-block-separator has-alpha-channel-opacity\"\/>\n\n\n\n<div class=\"wp-block-media-text has-media-on-the-right is-stacked-on-mobile is-vertically-aligned-top\" style=\"grid-template-columns:auto 15%\"><div class=\"wp-block-media-text__content\">\n<p class=\"has-medium-font-size\"><strong>Szab\u00f3 J\u00f3zsef<\/strong>   &#8211; Szakoszt\u00e1ly titk\u00e1r<\/p>\n\n\n\n<p class=\"has-small-font-size\">K\u00e9t gyermek b\u00fcszke \u00e9desapja, g\u00e9p\u00e9szm\u00e9rn\u00f6k \u00e9s motoros.<br>Gyermekkorom \u00f3ta a mechanika, a motorok \u00e9s a technikai sportok hat\u00e1rozz\u00e1k meg az \u00e9rdekl\u0151d\u00e9semet. A motoroz\u00e1sban v\u00e9gigj\u00e1rtam a fokozatos fejl\u0151d\u00e9s \u00fatj\u00e1t, jelenleg egy Kawasaki ZX-12 \u00e9s egy GTR1400 t\u00e1rsas\u00e1g\u00e1ban t\u00far\u00e1zom.<\/p>\n\n\n\n<p class=\"has-small-font-size\">A <strong>K\u00e9t ker\u00e9ken a gyerekek\u00e9rt<\/strong> csapat\u00e1ban a szakoszt\u00e1ly titk\u00e1ri feladatait l\u00e1tom el. Fontos sz\u00e1momra a k\u00f6z\u00f6ss\u00e9g\u00e9p\u00edt\u00e9s, a k\u00f6z\u00f6s motoroz\u00e1s \u00e9s t\u00far\u00e1k szervez\u00e9se, valamint az, hogy a motoroz\u00e1s \u00f6r\u00f6m\u00e9t \u00e9s az \u00f6nzetlen seg\u00edts\u00e9get min\u00e9l t\u00f6bb gyermekhez \u00e9s r\u00e1szorul\u00f3 csal\u00e1dhoz eljuttassuk.<\/p>\n\n\n\n<p class=\"has-medium-font-size\"><\/p>\n<\/div><figure class=\"wp-block-media-text__media\"><img loading=\"lazy\" decoding=\"async\" width=\"290\" height=\"290\" src=\"https:\/\/gyerekekert.hu\/wp-content\/uploads\/2026\/02\/ize.png\" alt=\"\" class=\"wp-image-58 size-full\" srcset=\"https:\/\/gyerekekert.hu\/wp-content\/uploads\/2026\/02\/ize.png 290w, https:\/\/gyerekekert.hu\/wp-content\/uploads\/2026\/02\/ize-150x150.png 150w, https:\/\/gyerekekert.hu\/wp-content\/uploads\/2026\/02\/ize-100x100.png 100w\" sizes=\"auto, (max-width: 290px) 100vw, 290px\" \/><\/figure><\/div>\n\n\n\n<hr class=\"wp-block-separator has-alpha-channel-opacity\"\/>\n\n\n\n<h1 class=\"wp-block-heading\"><strong>F\u0151 t\u00e1mogat\u00f3ink:<\/strong><\/h1>\n\n\n\n\n\n\n<p><\/p>\n","protected":false},"excerpt":{"rendered":"<p>Bemutatkoz\u00e1s A \u201eK\u00e9t ker\u00e9ken a gyerekek\u00e9rt\u201d t\u00f6rt\u00e9nete Medvecz G\u00e1bor nev\u00e9hez k\u00f6t\u0151dik. A kezdetekben G\u00e1bor \u00e9s feles\u00e9ge v\u00e1gtak bele ebbe a k\u00fcl\u00f6nleges k\u00fcldet\u00e9sbe: hogy hogyan lehetne a motoroz\u00e1s \u00e9lm\u00e9ny\u00e9t eljuttatni gyerekekhez &hellip; <\/p>\n<p class=\"link-more\"><a href=\"https:\/\/gyerekekert.hu\/\" class=\"more-link\"><span class=\"screen-reader-text\">&#8222;Bemutatkoz\u00e1s&#8221;<\/span> b\u0151vebben<\/a><\/p>\n","protected":false},"author":1,"featured_media":0,"parent":0,"menu_order":0,"comment_status":"closed","ping_status":"closed","template":"","meta":{"footnotes":""},"class_list":["post-6","page","type-page","status-publish","hentry"],"yoast_head":"<!-- This site is optimized with the Yoast SEO plugin v27.4 - https:\/\/yoast.com\/product\/yoast-seo-wordpress\/ -->\n<title>Bemutatkoz\u00e1s K\u00e9t ker\u00e9ken a gyerekek\u00e9rt<\/title>\n<meta name=\"description\" content=\"Sz\u00edv\u00fcgy\u00fcnk, hogy \u00f6r\u00f6met vigy\u00fcnk olyan gyerekeknek, fiataloknak, feln\u0151tteknek, akiknek egy kis motorhang, egy r\u00f6vid gurul\u00e1s vagy ak\u00e1r csak egy tal\u00e1lkoz\u00e1s is hatalmas \u00e9lm\u00e9nyt jelent. Szeretn\u00e9nk eljutni azokhoz, akik v\u00e1gynak erre az \u00e9lm\u00e9nyre.\" \/>\n<meta name=\"robots\" content=\"index, follow, max-snippet:-1, max-image-preview:large, max-video-preview:-1\" \/>\n<link rel=\"canonical\" href=\"https:\/\/gyerekekert.hu\/\" \/>\n<meta property=\"og:locale\" content=\"hu_HU\" \/>\n<meta property=\"og:type\" content=\"article\" \/>\n<meta property=\"og:title\" content=\"Bemutatkoz\u00e1s K\u00e9t ker\u00e9ken a gyerekek\u00e9rt\" \/>\n<meta property=\"og:description\" content=\"Sz\u00edv\u00fcgy\u00fcnk, hogy \u00f6r\u00f6met vigy\u00fcnk olyan gyerekeknek, fiataloknak, feln\u0151tteknek, akiknek egy kis motorhang, egy r\u00f6vid gurul\u00e1s vagy ak\u00e1r csak egy tal\u00e1lkoz\u00e1s is hatalmas \u00e9lm\u00e9nyt jelent. Szeretn\u00e9nk eljutni azokhoz, akik v\u00e1gynak erre az \u00e9lm\u00e9nyre.\" \/>\n<meta property=\"og:url\" content=\"https:\/\/gyerekekert.hu\/\" \/>\n<meta property=\"og:site_name\" content=\"K\u00e9t ker\u00e9ken a gyerekek\u00e9rt\" \/>\n<meta property=\"article:publisher\" content=\"https:\/\/www.facebook.com\/groups\/383507342828860\" \/>\n<meta property=\"article:modified_time\" content=\"2026-03-30T16:49:21+00:00\" \/>\n<meta property=\"og:image\" content=\"https:\/\/gyerekekert.hu\/wp-content\/uploads\/2026\/02\/Medvecz-Gabor.png\" \/>\n<meta name=\"twitter:card\" content=\"summary_large_image\" \/>\n<meta name=\"twitter:label1\" content=\"Becs\u00fclt olvas\u00e1si id\u0151\" \/>\n\t<meta name=\"twitter:data1\" content=\"6 perc\" \/>\n<script type=\"application\/ld+json\" class=\"yoast-schema-graph\">{\"@context\":\"https:\\\/\\\/schema.org\",\"@graph\":[{\"@type\":\"WebPage\",\"@id\":\"https:\\\/\\\/gyerekekert.hu\\\/\",\"url\":\"https:\\\/\\\/gyerekekert.hu\\\/\",\"name\":\"Bemutatkoz\u00e1s K\u00e9t ker\u00e9ken a gyerekek\u00e9rt\",\"isPartOf\":{\"@id\":\"https:\\\/\\\/gyerekekert.hu\\\/#website\"},\"primaryImageOfPage\":{\"@id\":\"https:\\\/\\\/gyerekekert.hu\\\/#primaryimage\"},\"image\":{\"@id\":\"https:\\\/\\\/gyerekekert.hu\\\/#primaryimage\"},\"thumbnailUrl\":\"https:\\\/\\\/gyerekekert.hu\\\/wp-content\\\/uploads\\\/2026\\\/02\\\/Medvecz-Gabor.png\",\"datePublished\":\"2026-02-17T15:27:54+00:00\",\"dateModified\":\"2026-03-30T16:49:21+00:00\",\"description\":\"Sz\u00edv\u00fcgy\u00fcnk, hogy \u00f6r\u00f6met vigy\u00fcnk olyan gyerekeknek, fiataloknak, feln\u0151tteknek, akiknek egy kis motorhang, egy r\u00f6vid gurul\u00e1s vagy ak\u00e1r csak egy tal\u00e1lkoz\u00e1s is hatalmas \u00e9lm\u00e9nyt jelent. Szeretn\u00e9nk eljutni azokhoz, akik v\u00e1gynak erre az \u00e9lm\u00e9nyre.\",\"breadcrumb\":{\"@id\":\"https:\\\/\\\/gyerekekert.hu\\\/#breadcrumb\"},\"inLanguage\":\"hu\",\"potentialAction\":[{\"@type\":\"ReadAction\",\"target\":[\"https:\\\/\\\/gyerekekert.hu\\\/\"]}]},{\"@type\":\"ImageObject\",\"inLanguage\":\"hu\",\"@id\":\"https:\\\/\\\/gyerekekert.hu\\\/#primaryimage\",\"url\":\"https:\\\/\\\/gyerekekert.hu\\\/wp-content\\\/uploads\\\/2026\\\/02\\\/Medvecz-Gabor.png\",\"contentUrl\":\"https:\\\/\\\/gyerekekert.hu\\\/wp-content\\\/uploads\\\/2026\\\/02\\\/Medvecz-Gabor.png\",\"width\":290,\"height\":289},{\"@type\":\"BreadcrumbList\",\"@id\":\"https:\\\/\\\/gyerekekert.hu\\\/#breadcrumb\",\"itemListElement\":[{\"@type\":\"ListItem\",\"position\":1,\"name\":\"Kezd\u0151lap\",\"item\":\"https:\\\/\\\/gyerekekert.hu\\\/\"},{\"@type\":\"ListItem\",\"position\":2,\"name\":\"Bemutatkoz\u00e1s\"}]},{\"@type\":\"WebSite\",\"@id\":\"https:\\\/\\\/gyerekekert.hu\\\/#website\",\"url\":\"https:\\\/\\\/gyerekekert.hu\\\/\",\"name\":\"K\u00e9t ker\u00e9ken a gyerekek\u00e9rt\",\"description\":\"\",\"publisher\":{\"@id\":\"https:\\\/\\\/gyerekekert.hu\\\/#organization\"},\"potentialAction\":[{\"@type\":\"SearchAction\",\"target\":{\"@type\":\"EntryPoint\",\"urlTemplate\":\"https:\\\/\\\/gyerekekert.hu\\\/?s={search_term_string}\"},\"query-input\":{\"@type\":\"PropertyValueSpecification\",\"valueRequired\":true,\"valueName\":\"search_term_string\"}}],\"inLanguage\":\"hu\"},{\"@type\":\"Organization\",\"@id\":\"https:\\\/\\\/gyerekekert.hu\\\/#organization\",\"name\":\"K\u00e9t ker\u00e9ken a gyerekek\u00e9rt\",\"url\":\"https:\\\/\\\/gyerekekert.hu\\\/\",\"logo\":{\"@type\":\"ImageObject\",\"inLanguage\":\"hu\",\"@id\":\"https:\\\/\\\/gyerekekert.hu\\\/#\\\/schema\\\/logo\\\/image\\\/\",\"url\":\"https:\\\/\\\/gyerekekert.hu\\\/wp-content\\\/uploads\\\/2026\\\/02\\\/cropped-kagy_logo_900px.png\",\"contentUrl\":\"https:\\\/\\\/gyerekekert.hu\\\/wp-content\\\/uploads\\\/2026\\\/02\\\/cropped-kagy_logo_900px.png\",\"width\":250,\"height\":250,\"caption\":\"K\u00e9t ker\u00e9ken a gyerekek\u00e9rt\"},\"image\":{\"@id\":\"https:\\\/\\\/gyerekekert.hu\\\/#\\\/schema\\\/logo\\\/image\\\/\"},\"sameAs\":[\"https:\\\/\\\/www.facebook.com\\\/groups\\\/383507342828860\"]}]}<\/script>\n<!-- \/ Yoast SEO plugin. -->","yoast_head_json":{"title":"Bemutatkoz\u00e1s K\u00e9t ker\u00e9ken a gyerekek\u00e9rt","description":"Sz\u00edv\u00fcgy\u00fcnk, hogy \u00f6r\u00f6met vigy\u00fcnk olyan gyerekeknek, fiataloknak, feln\u0151tteknek, akiknek egy kis motorhang, egy r\u00f6vid gurul\u00e1s vagy ak\u00e1r csak egy tal\u00e1lkoz\u00e1s is hatalmas \u00e9lm\u00e9nyt jelent. Szeretn\u00e9nk eljutni azokhoz, akik v\u00e1gynak erre az \u00e9lm\u00e9nyre.","robots":{"index":"index","follow":"follow","max-snippet":"max-snippet:-1","max-image-preview":"max-image-preview:large","max-video-preview":"max-video-preview:-1"},"canonical":"https:\/\/gyerekekert.hu\/","og_locale":"hu_HU","og_type":"article","og_title":"Bemutatkoz\u00e1s K\u00e9t ker\u00e9ken a gyerekek\u00e9rt","og_description":"Sz\u00edv\u00fcgy\u00fcnk, hogy \u00f6r\u00f6met vigy\u00fcnk olyan gyerekeknek, fiataloknak, feln\u0151tteknek, akiknek egy kis motorhang, egy r\u00f6vid gurul\u00e1s vagy ak\u00e1r csak egy tal\u00e1lkoz\u00e1s is hatalmas \u00e9lm\u00e9nyt jelent. Szeretn\u00e9nk eljutni azokhoz, akik v\u00e1gynak erre az \u00e9lm\u00e9nyre.","og_url":"https:\/\/gyerekekert.hu\/","og_site_name":"K\u00e9t ker\u00e9ken a gyerekek\u00e9rt","article_publisher":"https:\/\/www.facebook.com\/groups\/383507342828860","article_modified_time":"2026-03-30T16:49:21+00:00","og_image":[{"url":"https:\/\/gyerekekert.hu\/wp-content\/uploads\/2026\/02\/Medvecz-Gabor.png","type":"","width":"","height":""}],"twitter_card":"summary_large_image","twitter_misc":{"Becs\u00fclt olvas\u00e1si id\u0151":"6 perc"},"schema":{"@context":"https:\/\/schema.org","@graph":[{"@type":"WebPage","@id":"https:\/\/gyerekekert.hu\/","url":"https:\/\/gyerekekert.hu\/","name":"Bemutatkoz\u00e1s K\u00e9t ker\u00e9ken a gyerekek\u00e9rt","isPartOf":{"@id":"https:\/\/gyerekekert.hu\/#website"},"primaryImageOfPage":{"@id":"https:\/\/gyerekekert.hu\/#primaryimage"},"image":{"@id":"https:\/\/gyerekekert.hu\/#primaryimage"},"thumbnailUrl":"https:\/\/gyerekekert.hu\/wp-content\/uploads\/2026\/02\/Medvecz-Gabor.png","datePublished":"2026-02-17T15:27:54+00:00","dateModified":"2026-03-30T16:49:21+00:00","description":"Sz\u00edv\u00fcgy\u00fcnk, hogy \u00f6r\u00f6met vigy\u00fcnk olyan gyerekeknek, fiataloknak, feln\u0151tteknek, akiknek egy kis motorhang, egy r\u00f6vid gurul\u00e1s vagy ak\u00e1r csak egy tal\u00e1lkoz\u00e1s is hatalmas \u00e9lm\u00e9nyt jelent. Szeretn\u00e9nk eljutni azokhoz, akik v\u00e1gynak erre az \u00e9lm\u00e9nyre.","breadcrumb":{"@id":"https:\/\/gyerekekert.hu\/#breadcrumb"},"inLanguage":"hu","potentialAction":[{"@type":"ReadAction","target":["https:\/\/gyerekekert.hu\/"]}]},{"@type":"ImageObject","inLanguage":"hu","@id":"https:\/\/gyerekekert.hu\/#primaryimage","url":"https:\/\/gyerekekert.hu\/wp-content\/uploads\/2026\/02\/Medvecz-Gabor.png","contentUrl":"https:\/\/gyerekekert.hu\/wp-content\/uploads\/2026\/02\/Medvecz-Gabor.png","width":290,"height":289},{"@type":"BreadcrumbList","@id":"https:\/\/gyerekekert.hu\/#breadcrumb","itemListElement":[{"@type":"ListItem","position":1,"name":"Kezd\u0151lap","item":"https:\/\/gyerekekert.hu\/"},{"@type":"ListItem","position":2,"name":"Bemutatkoz\u00e1s"}]},{"@type":"WebSite","@id":"https:\/\/gyerekekert.hu\/#website","url":"https:\/\/gyerekekert.hu\/","name":"K\u00e9t ker\u00e9ken a gyerekek\u00e9rt","description":"","publisher":{"@id":"https:\/\/gyerekekert.hu\/#organization"},"potentialAction":[{"@type":"SearchAction","target":{"@type":"EntryPoint","urlTemplate":"https:\/\/gyerekekert.hu\/?s={search_term_string}"},"query-input":{"@type":"PropertyValueSpecification","valueRequired":true,"valueName":"search_term_string"}}],"inLanguage":"hu"},{"@type":"Organization","@id":"https:\/\/gyerekekert.hu\/#organization","name":"K\u00e9t ker\u00e9ken a gyerekek\u00e9rt","url":"https:\/\/gyerekekert.hu\/","logo":{"@type":"ImageObject","inLanguage":"hu","@id":"https:\/\/gyerekekert.hu\/#\/schema\/logo\/image\/","url":"https:\/\/gyerekekert.hu\/wp-content\/uploads\/2026\/02\/cropped-kagy_logo_900px.png","contentUrl":"https:\/\/gyerekekert.hu\/wp-content\/uploads\/2026\/02\/cropped-kagy_logo_900px.png","width":250,"height":250,"caption":"K\u00e9t ker\u00e9ken a gyerekek\u00e9rt"},"image":{"@id":"https:\/\/gyerekekert.hu\/#\/schema\/logo\/image\/"},"sameAs":["https:\/\/www.facebook.com\/groups\/383507342828860"]}]}},"_links":{"self":[{"href":"https:\/\/gyerekekert.hu\/index.php\/wp-json\/wp\/v2\/pages\/6","targetHints":{"allow":["GET"]}}],"collection":[{"href":"https:\/\/gyerekekert.hu\/index.php\/wp-json\/wp\/v2\/pages"}],"about":[{"href":"https:\/\/gyerekekert.hu\/index.php\/wp-json\/wp\/v2\/types\/page"}],"author":[{"embeddable":true,"href":"https:\/\/gyerekekert.hu\/index.php\/wp-json\/wp\/v2\/users\/1"}],"replies":[{"embeddable":true,"href":"https:\/\/gyerekekert.hu\/index.php\/wp-json\/wp\/v2\/comments?post=6"}],"version-history":[{"count":45,"href":"https:\/\/gyerekekert.hu\/index.php\/wp-json\/wp\/v2\/pages\/6\/revisions"}],"predecessor-version":[{"id":730,"href":"https:\/\/gyerekekert.hu\/index.php\/wp-json\/wp\/v2\/pages\/6\/revisions\/730"}],"wp:attachment":[{"href":"https:\/\/gyerekekert.hu\/index.php\/wp-json\/wp\/v2\/media?parent=6"}],"curies":[{"name":"wp","href":"https:\/\/api.w.org\/{rel}","templated":true}]}}